is the remainder when 884412 is divided by 3?
0
What is the remainder when 26020 is divided by 129?
91
Calculate the remainder when 15298 is divided by 357.
304
Calculate the remainder when 154089 is divided by 51343.
60
What is the remainder when 338 is divided by 147?
44
What is the remainder when 1793 is divided by 896?
1
What is the remainder when 820 is divided by 232?
124
What is the remainder when 1001877 is divided by 552?
549
Calculate the remainder when 411001 is divided by 49.
38
What is the remainder when 3714 is divided by 86?
16
What is the remainder when 720120 is divided by 144017?
35
What is the remainder when 3714106 is divided by 119?
116
Calculate the remainder when 31657 is divided by 266.
3
Calculate the remainder when 436 is divided by 79.
41
Calculate the remainder when 1245658 is divided by 52.
50
What is the remainder when 387257 is divided by 43?
42
Calculate the remainder when 6323 is divided by 141.
119
What is the remainder when 11647050 is divided by 692?
690
Calculate the remainder when 515323 is divided by 244.
239
What is the remainder when 908180 is divided by 83?
77
Calculate the remainder when 1505 is divided by 400.
305
Calculate the remainder when 33598 is divided by 28.
26
Calculate the remainder when 3681 is divided by 181.
61
Calculate the remainder when 15344 is divided by 41.
10
Calculate the remainder when 53715 is divided by 10.
5
What is the remainder when 1318 is divided by 160?
38
Calculate the remainder when 522269 is divided by 630.
629
Calculate the remainder when 40242 is divided by 1387.
19
Calculate the remainder when 75219 is divided by 378.
375
What is the remainder when 2180 is divided by 30?
20
Calculate the remainder when 34129 is divided by 8531.
5
What is the remainder when 33088 is divided by 2757?
4
What is the remainder when 1897 is divided by 329?
252
Calculate the remainder when 18629 is divided by 8.
5
Calculate the remainder when 11329 is divided by 2832.
1
Calculate the remainder when 22591 is divided by 2509.
10
What is the remainder when 37673 is divided by 5381?
6
What is the remainder when 728564 is divided by 104080?
4
Calculate the remainder when 307 is divided by 303.
4
What is the remainder when 9102 is divided by 114?
96
What is the remainder when 219267 is divided by 15?
12
Calculate the remainder when 654334 is divided by 16.
14
What is the remainder when 918145 is divided by 83?
82
Calculate the remainder when 103618 is divided by 55.
53
What is the remainder when 49159 is divided by 3275?
34
Calculate the remainder when 32342 is divided by 16.
6
What is the remainder when 122770 is divided by 140?
130
What is the remainder when 22756 is divided by 3788?
28
Calculate the remainder when 253169 is divided by 274.
267
Calculate the remainder when 2365463 is divided by 289.
287
What is the remainder when 444 is divided by 416?
28
What is the remainder when 108192 is divided by 94?
92
What is the remainder when 10954 is divided by 843?
838
Calculate the remainder when 33179 is divided by 11059.
2
What is the remainder when 616001 is divided by 351?
347
Calculate the remainder when 3228 is divided by 170.
168
Calculate the remainder when 54559 is divided by 54.
19
Calculate the remainder when 212339 is divided by 60.
59
What is the remainder when 41207 is divided by 36?
23
What is the remainder when 78264 is divided by 2991?
498
What is the remainder when 1020 is divided by 596?
424
Calculate the remainder when 957 is divided by 25.
7
What is the remainder when 2226 is divided by 718?
72
What is the remainder when 35860 is divided by 896?
20
Calculate the remainder when 3031 is divided by 169.
158
Calculate the remainder when 83238 is divided by 27744.
6
Calculate the remainder when 4948 is divided by 52.
8
What is the remainder when 2165 is divided by 364?
345
Calculate the remainder when 21895 is divided by 10941.
13
Calculate the remainder when 22936 is divided by 3160.
816
Calculate the remainder when 2132 is divided by 213.
2
What is the remainder when 98625 is divided by 2997?
2721
Calculate the remainder when 672402 is divided by 388.
386
What is the remainder when 13194 is divided by 38?
8
Calculate the remainder when 523 is divided by 207.
109
Calculate the remainder when 20163 is divided by 190.
23
Calculate the remainder when 5420 is divided by 338.
12
Calculate the remainder when 877 is divided by 157.
92
What is the remainder when 1186509 is divided by 367?
365
What is the remainder when 9452 is divided by 1576?
1572
What is the remainder when 1974 is divided by 768?
438
What is the remainder when 39733 is divided by 4413?
16
What is the remainder when 1652 is divided by 45?
32
What is the remainder when 3916 is divided by 144?
28
What is the remainder when 652692 is divided by 36260?
12
Calculate the remainder when 4789 is divided by 1180.
69
What is the remainder when 70011 is divided by 263?
53
Calculate the remainder when 525212 is divided by 352.
28
What is the remainder when 5250 is divided by 122?
4
Calculate the remainder when 928 is divided by 62.
60
Calculate the remainder when 11413 is divided by 317.
1
What is the remainder when 1960099 is divided by 340?
339
What is the remainder when 11257 is divided by 1021?
26
What is the remainder when 12770 is divided by 1158?
32
What is the remainder when 1148 is divided by 304?
236
What is the remainder when 1288 is divided by 312?
40
What is the remainder when 698 is divided by 76?
14
What is the remainder when 32017 is divided by 186?
25
What is the remainder when 7938 is divided by 616?
546
Calculate the remainder when 921490 is divided by 429.
427
Calculate the remainder when 12702 is divided by 4.
2
What is the remainder when 17586 is divided by 30?
6
What is the remainder when 1402 is divided by 644?
114
Calculate the remainder when 104989 is divided by 16.
13
What is the remainder when 11569 is divided by 1270?
139
What is the remainder when 53144 is divided by 8854?
20
What is the remainder when 400224 is divided by 248?
200
Calculate the remainder when 19981 is divided by 820.
301
What is the remainder when 2138 is divided by 1938?
200
Calculate the remainder when 26901 is divided by 24.
21
Calculate the remainder when 74820 is divided by 14.
4
Calculate the remainder when 552771 is divided by 26322.
9
What is the remainder when 60893 is divided by 609?
602
What is the remainder when 2288 is divided by 1756?
532
Calculate the remainder when 1507 is divided by 1445.
62
What is the remainder when 43147 is divided by 158?
13
What is the remainder when 13034 is divided by 373?
352
Calculate the remainder when 30940 is divided by 1347.
1306
Calculate the remainder when 360327 is divided by 5075.
2
Calculate the remainder when 1038 is divided by 73.
16
Calculate the remainder when 433 is divided by 260.
173
What is the remainder when 81345 is divided by 6778?
9
Calculate the remainder when 9086 is divided by 1773.
221
Calculate the remainder when 38744 is divided by 9682.
16
What is the remainder when 372 is divided by 96?
84
Calculate the remainder when 379 is divided by 31.
7
Calculate the remainder when 1273 is divided by 196.
97
What is the remainder when 56311 is divided by 52?
47
Calculate the remainder when 50621 is divided by 791.
788
What is the remainder when 12488 is divided by 4?
0
Calculate the remainder when 272100 is divided by 17.
15
Calculate the remainder when 50420 is divided by 118.
34
Calculate the remainder when 1156 is divided by 271.
72
What is the remainder when 73272 is divided by 898?
534
Calculate the remainder when 14067 is divided by 4676.
39
What is the remainder when 1954 is divided by 17?
16
Calculate the remainder when 392 is divided by 189.
14
Calculate the remainder when 1214722 is divided by 42.
40
What is the remainder when 122435 is divided by 228?
227
Calculate the remainder when 176838 is divided by 44208.
6
What is the remainder when 39282 is divided by 691?
586
Calculate the remainder when 12984 is divided by 4324.
12
Calculate the remainder when 3282 is divided by 9.
6
What is the remainder when 562359 is divided by 281175?
9
What is the remainder when 23564 is divided by 11779?
6
Calculate the remainder when 424168 is divided by 54.
52
Calculate the r